s 161052585 a multiple of 19?
False
Is 159 a factor of 2888364744?
True
Is 529518327 a multiple of 4381?
True
Does 1315 divide 68174860?
True
Does 437 divide 28618416?
False
Is 3 a factor of 43956056?
False
Is 2030 a factor of 29275549?
False
Is 2030041838 a multiple of 5288?
False
Is 513107648 a multiple of 3008?
True
Is 23 a factor of 22112617?
False
Is 103357 a multiple of 2?
False
Is 7879 a factor of 611583738?
True
Does 35 divide 24614625?
True
Is 27 a factor of 225443625?
False
Is 1000 a factor of 1401415000?
True
Does 874 divide 415724218?
True
Is 10145070 a multiple of 234?
True
Does 637 divide 11101354?
False
Is 5470 a factor of 933811050?
True
Is 5 a factor of 38041876?
False
Is 289 a factor of 468469?
True
Is 41 a factor of 497584323?
True
Is 1298196259 a multiple of 47?
True
Is 1118 a factor of 452939352?
False
Is 604 a factor of 14708095?
False
Does 1195 divide 692934729?
False
Does 9 divide 199008663?
False
Is 1874447444 a multiple of 169?
False
Does 34 divide 667557519?
False
Is 1618852132 a multiple of 34?
True
Is 14 a factor of 19552582?
True
Is 126261919 a multiple of 7?
True
Does 11 divide 2948720346?
True
Is 10 a factor of 44125147?
False
Does 9 divide 320312289?
False
Is 68586600 a multiple of 200?
True
Does 119 divide 282986403?
True
Is 876526402 a multiple of 10?
False
Is 9 a factor of 303915798?
True
Is 4 a factor of 4432670?
False
Is 5615582520 a multiple of 45?
False
Is 490292432 a multiple of 686?
True
Does 92 divide 427121466?
False
Does 4295 divide 175166918?
False
Is 6159 a factor of 2049998514?
True
Does 1189 divide 37101556?
True
Is 778 a factor of 497322496?
True
Is 2327110713 a multiple of 211?
False
Is 8521067 a multiple of 101?
True
Is 54 a factor of 89396892?
True
Does 15 divide 3532252?
False
Is 21 a factor of 1156220058?
True
Does 595 divide 10912895?
True
Does 15 divide 549316875?
True
Is 1536520 a multiple of 214?
True
Is 3099 a factor of 883140624?
True
Is 3418 a factor of 704781346?
True
Does 18 divide 39223512?
True
Does 389 divide 1877822034?
True
Is 1568 a factor of 312418641?
False
Does 6 divide 205547100?
True
Is 208520588 a multiple of 8?
False
Does 132 divide 606394008?
True
Does 418 divide 115822940?
False
Is 60514832 a multiple of 7?
True
Does 5 divide 2067428?
False
Does 10 divide 11366140?
True
Is 126535055 a multiple of 894?
False
Is 6689694 a multiple of 6?
True
Does 2197 divide 1431150900?
False
Is 529784706 a multiple of 3201?
True
Is 8 a factor of 1741151552?
True
Is 20823630 a multiple of 7?
False
Is 104767236 a multiple of 12?
True
Is 14974096 a multiple of 271?
False
Is 120344014 a multiple of 4649?
True
Is 8370120 a multiple of 2?
True
Does 12 divide 4000282?
False
Is 662 a factor of 4537355282?
True
Does 4 divide 105018282?
False
Is 289106989 a multiple of 26?
False
Is 1782 a factor of 187875729?
False
Is 220 a factor of 1111544569?
False
Is 126 a factor of 850535406?
True
Is 21 a factor of 228382581?
True
Is 15459942 a multiple of 298?
True
Is 1325155 a multiple of 377?
True
Does 13 divide 446410318?
False
Is 3996111 a multiple of 777?
True
Is 169467387 a multiple of 29?
True
Is 28014240 a multiple of 40?
True
Is 134075136 a multiple of 22?
False
Is 12 a factor of 110939856?
True
Is 1155613555 a multiple of 965?
True
Is 170 a factor of 66162640?
True
Does 2782 divide 74540908?
True
Is 21 a factor of 1080264906?
True
Does 2507 divide 1201003420?
True
Is 8113423 a multiple of 51?
False
Is 4591 a factor of 2046726220?
False
Is 21016862 a multiple of 59?
True
Is 2284426086 a multiple of 2550?
False
Does 2362 divide 15648747?
False
Is 5101078 a multiple of 641?
True
Is 1032051821 a multiple of 148?
False
Does 373 divide 23923940?
False
Is 9269 a factor of 2574613054?
True
Is 97592362 a multiple of 799?
False
Is 447 a factor of 621101329?
False
Is 676 a factor of 56635746?
False
Does 14 divide 234813264?
True
Is 18982448 a multiple of 1407?
False
Is 1755499221 a multiple of 21?
True
Is 3529888400 a multiple of 400?
True
Is 11343810 a multiple of 2?
True
Is 1872868626 a multiple of 114?
False
Is 664822146 a multiple of 2823?
True
Does 581 divide 20017652?
False
Is 11745669 a multiple of 13?
True
Is 36 a factor of 171888128?
False
Is 106723899 a multiple of 50?
False
Is 166 a factor of 57840018?
False
Is 1471615610 a multiple of 2777?
True
Does 792 divide 24718320?
True
Is 47987519 a multiple of 153?
False
Is 93812752 a multiple of 517?
True
Does 91 divide 1419964?
True
Is 289 a factor of 4927161?
True
Is 88 a factor of 24272970?
False
Does 118 divide 654308230?
True
Is 26 a factor of 3022554002?
True
Is 15 a factor of 119661840?
True
Is 3877 a factor of 212099393?
False
Is 11 a factor of 4796062469?
True
Is 325 a factor of 117800738?
False
Is 38 a factor of 177353746?
False
Does 77 divide 109256455?
True
Is 719 a factor of 45525642?
True
Does 427 divide 7393505?
True
Is 1062 a factor of 186524036?
False
Does 17 divide 532935125?
True
Is 200 a factor of 95728167?
False
Does 99 divide 345651570?
True
Is 13 a factor of 212046718?
True
Is 218 a factor of 23748266?
True
Is 603 a factor of 11209972?
False
Is 16146891 a multiple of 9?
True
Is 3182 a factor of 2035461760?
True
Does 5 divide 33330337?
False
Is 357 a factor of 3311758695?
True
Is 288 a factor of 965791872?
True
Is 920 a factor of 94860280?
True
Is 77806598 a multiple of 222?
False
Does 298 divide 10735152?
True
Is 433 a factor of 40319228?
True
Is 2302511106 a multiple of 9303?
True
Is 802277 a multiple of 343?
True
Is 53 a factor of 3055713039?
True
Is 411855019 a multiple of 4705?
False
Does 15 divide 64711680?
True
Is 10 a factor of 15365073?
False
Is 84925945 a multiple of 39?
False
Is 8429868 a multiple of 66?
False
Is 46 a factor of 1347288986?
True
Does 158 divide 18009246?
False
Does 7350 divide 2424347302?
False
Does 12 divide 144675297?
False
Is 2370429145 a multiple of 35?
True
Does 136 divide 9456080?
True
Is 797481839 a multiple of 861?
False
Does 70 divide 35444570?
True
Does 930 divide 78492000?
True
Does 42 divide 274509018?
True
Does 29 divide 79750261?
True
Is 444861843 a multiple of 171?
False
Is 100 a factor of 40216210?
False
Is 1422515 a multiple of 277?
False
Is 31 a factor of 4980123?
False
Is 175463758 a multiple of 30?
False
Is 22 a factor of 4163707900?
True
Is 383 a factor of 311685400?
True
Is 53 a factor of 1355013996?
False
Is 10935551 a multiple of 368?
False
Is 23561916 a multiple of 4?
True
Is 2577 a factor of 30022050?
True
Is 4 a factor of 5986852?
True
Is 6964 a factor of 489378696?
False
Is 160393555 a multiple of 149?
False
Does 22 divide 105527092?
True
Is 51 a factor of 408296?
False
Is 216642552 a multiple of 141?
True
Is 2007244 a multiple of 317?
True
Is 22041792 a multiple of 153?
True
Is 14895945 a multiple of 68?
False
Is 561069016 a multiple of 206?
True
Is 662298 a multiple of 21?
True
Is 563707677 a multiple of 2459?
False
Is 4 a factor of 918243368?
True
Does 267 divide 172284227?
False
Does 38 divide 93467422?
True
Is 408362864 a multiple of 392?
True
Is 233462234 a multiple of 1577?
True
Is 84 a factor of 17150868?
True
Is 8308905 a multiple of 407?
True
Is 2001 a factor of 2338932337?
False
Is 638142702 a multiple of 59?
True
Does 14 divide 16010417?
False
Is 166 a factor of 169941755?
False
Is 26 a factor of 213739182?
False
Does 921 divide 2555775?
True
Does 191 divide 3312344538?
True
Does 6 divide 791078047?
False
Does 76 divide 37843201?
False
Does 1306 divide 52521138?
False
Is 56 a factor of 544376448?
True
Is 73907634 a multiple of 1369?
False
Is 4489650 a multiple of 6?
True
Is 3654060857 a multiple of 61?
True
Is 228817760 a multiple of 1868?
False
Does 247 divide 834101463?
True
Is 54317661 a multiple of 1925?
False
Is 16206845 a multiple of 130?
False
Does 261 divide 82991475?
True
Does 15 divide 1753335?
True
Does 17 divide 42744341?
True
Is 330 a factor of 16993423?
False
Does 518 divide 254748844?
False
Is 897366 a multiple of 4?
False
Is 439 a factor of 2712602?
False
Does 6 divide 165315502?
False
Is 75713209 a multiple of 1236?
False
Is 103 a factor of 153355328?
False
Is 4 a factor of 290548017?
False
Does 39 divide 1015406067?
True
Is 1101 a factor of 3766335?
False
Does 721 divide 1130291512?
True
Is 246 a factor of 95820683?
False
Is 17678775 a multi